19
Let o be (0 + 1)/1 + 1. Let h = o - -93. What are the prime factors of h?
5, 19
What are the prime factors of (-4 + -9)/(-26)*(1 - -6197)?
3, 1033
Let h(z) = 8*z**2 + 2 + z**3 + z**3 + 22*z - 3*z**3 - 13*z. Let i be h(9). Suppose 0 = -c - 7 + 2, -3*c + 25 = i*p. What are the prime factors of p?
2, 5
Suppose -s + 26 + 30 = 0. Suppose -4*q + 2*q - c - 71 = 0, 2*q + 4*c + s = 0. Let z = -15 - q. List the prime factors of z.
23
What are the prime factors of (536/20 - -2)/((-2)/(-155))?
2, 3, 31
Let o(a) = -a**3 + 10*a**2 - 9*a - 5. Suppose 4*k - l = 20, -3*k + 8*k - 22 = 2*l. What are the prime factors of o(k)?
5, 17
Let r = -6 - -180. List the prime factors of r.
2, 3, 29
Let v be (-111)/(-3)*(2 + 1). Let f(a) = a**3 - 7*a**2 - 8*a + 6. Let g be f(6). Let z = g + v. What are the prime factors of z?
3, 11
Suppose -3*n + 5*h + 7430 = 0, 0 = 3*n + 38*h - 40*h - 7445. List the prime factors of n.
5, 7, 71
Suppose 0 = 5*l - 8 - 2. Suppose -3*d = -2*v + 50, l*v = 5*v + 5*d - 56. List the prime factors of v.
2, 11
What are the prime factors of (38/(-8) - 2)/(75/(-1600))?
2, 3
What are the prime factors of 16/(43192/(-3928) - -11)?
2, 491
Let x(a) = -7*a - 3. Let n = -12 - -9. Let s be 4/(-1 - (n - -3)). List the prime factors of x(s).
5
Let p(z) = z**3 - 48*z**2 + 49*z + 278. What are the prime factors of p(48)?
2, 5, 263
Let m be (4 + 11)*(-18)/(-15). Suppose -3*c + m = -12. Let o = c - -33. What are the prime factors of o?
43
Let s(x) = x**3 + 43*x**2 + 94*x - 3. List the prime factors of s(-40).
17, 61
Let b(r) = r**2 - 2*r - 6. Let f(d) = d**2 + 6*d + 9. Let k be f(-7). What are the prime factors of b(k)?
2, 109
Let h(d) = 8*d - 10. Let k(q) = 9*q - 10. Let t(r) = 5*h(r) - 4*k(r). Let v(w) = -w**3 + 4*w**2 - 2*w + 4. Let j be v(3). List the prime factors of t(j).
2, 3
Let f(s) = 2*s**2 - 6*s + 1. Let u be 0 + (-2 - 2)/(-4). Let j be 1/u*10/2. List the prime factors of f(j).
3, 7
Let w(u) = u**3 + 20*u**2 - 20*u - 25. Let c be w(-21). Let x = c + 95. What are the prime factors of x?
7
Let y(n) = 1 + 2*n**2 - 3 - 4*n - 1. Let a be y(3). Suppose 0 = 3*k - 3 - a. What are the prime factors of k?
2
Suppose -3*t - 2 + 8 = 0. Let r be -89*(-3 + t)*-1. Let b = -54 - r. List the prime factors of b.
5, 7
Let j = -5439 - -9104. What are the prime factors of j?
5, 733
Suppose 16*l - 9846 - 5962 = 0. What are the prime factors of l?
2, 13, 19
Suppose 2*j + 306 = -0*j. Let y = j - -279. Suppose 0 = 5*x + 2*r - y, -2*x - r = -4*r - 39. List the prime factors of x.
2, 3
What are the prime factors of 8/(4 + (-195)/49)?
2, 7
Suppose l - 6*l + 495 = 0. Let y = l + -24. List the prime factors of y.
3, 5
Suppose -3*t = -2*t + 5*z - 9, 4*t = 5*z - 39. Let w = 1 - t. Suppose 0 = 4*k - w*k + 2*n + 87, 5*n = 0. List the prime factors of k.
29
Suppose 0*o + 12 = b - 4*o, -5*b = -o - 60. Let m(t) = t**2 + 5*t - 7. List the prime factors of m(b).
197
Let y = -1 + 6. Suppose 0*c - y*f - 323 = -4*c, -5*c + 3*f = -407. Let t = c + -46. What are the prime factors of t?
2, 3
Let h(r) = -r**2 - 18*r - 9. Suppose 4 = 2*i, 8 + 6 = -3*q - 5*i. What are the prime factors of h(q)?
71
Let t(z) = -7*z**3 + 5*z**2 - z - 4. Let r(n) = n**3 - n**2 + n. Let w(l) = -6*r(l) - t(l). What are the prime factors of w(4)?
2
Let a be 1*(10 - (5 - 4)). Let i(x) = -x**3 + 13*x**2 - 20*x - 5. List the prime factors of i(a).
139
Suppose -2*b - f + 911 = 2*f, 3*b + 5*f - 1364 = 0. List the prime factors of b.
463
Suppose 12*d - 1609 = 1055. List the prime factors of d.
2, 3, 37
Suppose 0 = 3*c + 2*v - 3, -2*v - 5 = c - 2. Suppose 0 = 2*q - c*w - 33 + 2, -2*q = -w - 21. Suppose 28 = k - q. List the prime factors of k.
2, 3
Let m = 5780 - 3669. List the prime factors of m.
2111
Let d(m) = -m**2 + 5*m + 5. Let t = 7 - 2. Let f be d(t). Suppose -49 - f = -2*h. List the prime factors of h.
3
Let f be (-12)/4 + 1 + 5. Let a be 2 + (f - -1 - -37). Let m = 97 - a. What are the prime factors of m?
2, 3
Let v be 2/9 - (-3)/108*-44. List the prime factors of 1056/40 - (9/15)/v.
3
Suppose 0 = u + 4, -u - 1 = 2*o - 3. Suppose -s = o*k - 12, k = 5*s - 3*k - 3. Suppose 0 = s*v - 27 - 30. List the prime factors of v.
19
Suppose -3*u = 3*a - 5739, 4*a + a - 4*u = 9601. What are the prime factors of a?
3, 71
Let s(h) = -103*h - 246. List the prime factors of s(-50).
2, 613
Let u = 22 + 61. Let q = 44 + u. List the prime factors of q.
127
Suppose 5*b = 5*y, y + b + 0 = 8. Suppose -4*h + 2*j = -2*j - 24, -y*j = 0. Suppose 2*u - 3*u + h = 0. List the prime factors of u.
2, 3
Let d(u) = u**2 - 20 - 2*u + 24 + 4*u. Let n be d(-6). Suppose 3*o + o = 2*h + 20, 5*o - h - n = 0. What are the prime factors of o?
2, 3
Let c(l) = 3*l**3 - 35*l**2 - 37*l - 41. What are the prime factors of c(17)?
2, 3, 659
Let x(m) = -m**2 - 7*m + 5. Let b be x(-7). Suppose 3*p + b*q + 40 = 0, -5 + 1 = 2*q. What are the prime factors of 4/p - (-164)/10?
2
Let m(g) = g**2 - 18*g + 42. Let q(x) = -3*x**2 + 55*x - 126. Let w(z) = 11*m(z) + 4*q(z). What are the prime factors of w(14)?
2, 5, 7
Let n(x) = 12*x**3 - 2*x**2 + 4*x - 3. Let t be n(1). Suppose -t*b = -9*b - 64. What are the prime factors of b?
2
Let h(j) = 2*j + 16. Let u be h(-7). Suppose -u*d = f - 184, 3*f + 0*f = 4*d - 388. What are the prime factors of d?
2, 47
Let n be ((-166)/(-3))/(-1)*(-33)/22. What are the prime factors of (3 + -8)*24/(-30)*n?
2, 83
Suppose -9 = -5*v + 1. Let u(t) = -v + 2*t**2 + 8*t + 3 - 1 - 2. What are the prime factors of u(-6)?
2, 11
Let j be 2 - 10/2 - -15. Suppose -468 = -j*v + 288. List the prime factors of v.
3, 7
Suppose 0*i - 2*i = -30. Let p be 103/3 - (-10)/i. Suppose 2*t - 5*t = -3*y - 39, 3*t - 4*y = p. What are the prime factors of t?
17
Let h be 70/(-4)*(-8)/(-10). Let p = h + 12. Let g = 28 + p. What are the prime factors of g?
2, 13
Let m(d) = -3*d - 6. Let u be m(-3). Let y be 38 - (-6)/u - -2. Suppose -4*a = -90 - y. What are the prime factors of a?
3, 11
Let r = 7 + -5. Suppose 3*p - 11 + r = 0. What are the prime factors of (-10 + -2)/(p/(-9))?
2, 3
Suppose 4*r - 37 = 5*v, -28 = -4*v - 4*r - 72. Let n be -3*3/v + -3. List the prime factors of (-1)/n - (-273)/14.
2, 5
Let c = -16 - -10. Let t be c/21 + (-86)/(-7). Suppose 3*g - t = 9. List the prime factors of g.
7
Let x(h) = 7*h**2 + 47*h + 339. List the prime factors of x(-7).
353
Suppose 5*c - 4*b - 2326 = 2*c, -802 = -c - 4*b. What are the prime factors of c?
2, 17, 23
Suppose 0 = -18*g + 15*g. Suppose 290 = 3*k - g*k - 2*f, 0 = 2*k - f - 193. What are the prime factors of k?
2, 3
Suppose 4*f - 2 = 14. Suppose z = -z + 2*k + 124, z - 74 = f*k. List the prime factors of z.
2, 29
Let q(j) = 5*j**2 - 16*j - 165. What are the prime factors of q(-23)?
2, 89
Suppose -s - 44 = 3*s. Let q be (-6)/8*(-15 - s). What are the prime factors of (-371)/(-49) - q/(-7)?
2
Suppose 0*o = -5*o. Suppose o = -6*v + v + 335. What are the prime factors of v?
67
Let t be (23 + -22)/(2/8). Suppose -t*g + 3*g = -2*s - 41, 0 = 2*g + s - 107. What are the prime factors of g?
3, 17
Suppose 0 = 16*o - 14*o - 16. What are the prime factors of 1 + 662/o - (-2)/8?
2, 3, 7
Let d(f) = 373*f**2 + 4*f - 14. List the prime factors of d(-2).
2, 3, 5, 7
Suppose 16*w + 24 = 17*w. List the prime factors of 6/w + 118/8.
3, 5
Suppose -35*r = -39*r - 8. List the prime factors of 179 + r + (3 - 4).
2, 11
Let z be (-2)/(-5)*(6 + -1) + 2. Suppose -2*b + 353 = 3*k - 367, -3*k - z*b = -720. What are the prime factors of k?
2, 3, 5
What are the prime factors of 1191/(-18*2/(-48))?
2, 397
Let h(k) = -k**2 - 9*k - 6. Let c be h(-8). Suppose 3*y + 5*r - 22 = 0, -c - 8 = -5*r. List the prime factors of (-40)/y*(-9)/6.
3, 5
Suppose -3*k - 8 = -k. Let t = k - -13. List the prime factors of (15/4)/(t/48).
2, 5
What are the prime factors of 10118/26 + 5/(-65)*2?
389
Let g = -122 - -128. Suppose -3*w + g*w + 4*p - 242 = 0, 72 = w - 3*p. What are the prime factors of w?
2, 3, 13
What are the prime factors of 999 + 7 + 3 - 0?
1009
Let k(d) = -9*d + 3. Let z = 2 + -5. Let f be k(z). Let w = f - 19. List the prime factors of w.
11
Suppose y + 2*r - 185 = -0*r, -3*y + 535 = -4*r. List the prime factors of y.
181
Let x be (45/6)/((-2)/(-12)). Suppose 0 = 2*y + 3*y + x. List the prime factors of 6/(-6)*(y - -1).
2
Suppose 4*q = 2*q + 10. Suppose -q*m = -